{"id":203,"date":"2019-12-02T15:17:36","date_gmt":"2019-12-02T14:17:36","guid":{"rendered":"https:\/\/www.lerelaisdesdeuxvallees.fr\/?page_id=203"},"modified":"2024-09-03T12:22:37","modified_gmt":"2024-09-03T10:22:37","slug":"a-visiter","status":"publish","type":"page","link":"https:\/\/www.lerelaisdesdeuxvallees.fr\/en\/a-visiter\/","title":{"rendered":"The surroundings"},"content":{"rendered":"<div data-elementor-type=\"wp-post\" data-elementor-id=\"203\" class=\"elementor elementor-203\" data-elementor-post-type=\"page\">\n\t\t\t\t\t\t<section class=\"elementor-section elementor-top-section elementor-element elementor-element-291a2e8 elementor-section-full_width elementor-section-height-default elementor-section-height-default\" data-id=\"291a2e8\" data-element_type=\"section\" data-e-type=\"section\" data-settings=\"{&quot;background_background&quot;:&quot;classic&quot;}\">\n\t\t\t\t\t\t<div class=\"elementor-container elementor-column-gap-default\">\n\t\t\t\t\t<div class=\"elementor-column elementor-col-100 elementor-top-column elementor-element elementor-element-ff7c29a\" data-id=\"ff7c29a\" data-element_type=\"column\" data-e-type=\"column\">\n\t\t\t<div class=\"elementor-widget-wrap elementor-element-populated\">\n\t\t\t\t\t\t<div class=\"elementor-element elementor-element-a4f610e elementor-widget elementor-widget-heading\" data-id=\"a4f610e\" data-element_type=\"widget\" data-e-type=\"widget\" data-widget_type=\"heading.default\">\n\t\t\t\t<div class=\"elementor-widget-container\">\n\t\t\t\t\t<h1 class=\"elementor-heading-title elementor-size-default\">Discover the Region<\/h1>\t\t\t\t<\/div>\n\t\t\t\t<\/div>\n\t\t\t\t\t<\/div>\n\t\t<\/div>\n\t\t\t\t\t<\/div>\n\t\t<\/section>\n\t\t\t\t<section class=\"elementor-section elementor-top-section elementor-element elementor-element-fdad764 elementor-section-boxed elementor-section-height-default elementor-section-height-default\" data-id=\"fdad764\" data-element_type=\"section\" data-e-type=\"section\">\n\t\t\t\t\t\t<div class=\"elementor-container elementor-column-gap-default\">\n\t\t\t\t\t<div class=\"elementor-column elementor-col-100 elementor-top-column elementor-element elementor-element-8b8f672\" data-id=\"8b8f672\" data-element_type=\"column\" data-e-type=\"column\">\n\t\t\t<div class=\"elementor-widget-wrap elementor-element-populated\">\n\t\t\t\t\t\t<div class=\"elementor-element elementor-element-59059ea elementor-widget elementor-widget-text-editor\" data-id=\"59059ea\" data-element_type=\"widget\" data-e-type=\"widget\" data-widget_type=\"text-editor.default\">\n\t\t\t\t<div class=\"elementor-widget-container\">\n\t\t\t\t\t\t\t\t\t<p>Le Relais des Deux Vall\u00e9es is nestled atop a hill in the village of Salvagnac, a place of tranquility in the heart of Tarn. Bastides, vineyards, hiking trails... Come and explore the richness of our region during your stay with us.<\/p>\t\t\t\t\t\t\t\t<\/div>\n\t\t\t\t<\/div>\n\t\t\t\t\t<\/div>\n\t\t<\/div>\n\t\t\t\t\t<\/div>\n\t\t<\/section>\n\t\t\t\t<section class=\"elementor-section elementor-top-section elementor-element elementor-element-c06029c elementor-section-boxed elementor-section-height-default elementor-section-height-default\" data-id=\"c06029c\" data-element_type=\"section\" data-e-type=\"section\">\n\t\t\t\t\t\t<div class=\"elementor-container elementor-column-gap-default\">\n\t\t\t\t\t<div class=\"elementor-column elementor-col-33 elementor-top-column elementor-element elementor-element-9e478e2\" data-id=\"9e478e2\" data-element_type=\"column\" data-e-type=\"column\">\n\t\t\t<div class=\"elementor-widget-wrap elementor-element-populated\">\n\t\t\t\t\t\t<div class=\"elementor-element elementor-element-9d9d5e9 elementor-position-top elementor-widget elementor-widget-image-box\" data-id=\"9d9d5e9\" data-element_type=\"widget\" data-e-type=\"widget\" data-widget_type=\"image-box.default\">\n\t\t\t\t<div class=\"elementor-widget-container\">\n\t\t\t\t\t<div class=\"elementor-image-box-wrapper\"><figure class=\"elementor-image-box-img\"><img fetchpriority=\"high\" decoding=\"async\" width=\"800\" height=\"532\" src=\"https:\/\/www.lerelaisdesdeuxvallees.fr\/wp-content\/uploads\/2019\/12\/Cordes_sur_ciel_vue_du_Grain_de_Sel1-e1576055439628-1024x681.jpg\" class=\"attachment-large size-large wp-image-333\" alt=\"\" srcset=\"https:\/\/www.lerelaisdesdeuxvallees.fr\/wp-content\/uploads\/2019\/12\/Cordes_sur_ciel_vue_du_Grain_de_Sel1-e1576055439628-1024x681.jpg 1024w, https:\/\/www.lerelaisdesdeuxvallees.fr\/wp-content\/uploads\/2019\/12\/Cordes_sur_ciel_vue_du_Grain_de_Sel1-e1576055439628-300x199.jpg 300w, https:\/\/www.lerelaisdesdeuxvallees.fr\/wp-content\/uploads\/2019\/12\/Cordes_sur_ciel_vue_du_Grain_de_Sel1-e1576055439628-768x511.jpg 768w, https:\/\/www.lerelaisdesdeuxvallees.fr\/wp-content\/uploads\/2019\/12\/Cordes_sur_ciel_vue_du_Grain_de_Sel1-e1576055439628.jpg 1280w\" sizes=\"(max-width: 800px) 100vw, 800px\" \/><\/figure><div class=\"elementor-image-box-content\"><h5 class=\"elementor-image-box-title\">Cordes-sur-Ciel<\/h5><p class=\"elementor-image-box-description\">13th century fortified bastide perched on the heights, the most visited tourist heritage in Tarn.<\/p><\/div><\/div>\t\t\t\t<\/div>\n\t\t\t\t<\/div>\n\t\t\t\t<div class=\"elementor-element elementor-element-93f027b elementor-position-top elementor-widget elementor-widget-image-box\" data-id=\"93f027b\" data-element_type=\"widget\" data-e-type=\"widget\" data-widget_type=\"image-box.default\">\n\t\t\t\t<div class=\"elementor-widget-container\">\n\t\t\t\t\t<div class=\"elementor-image-box-wrapper\"><figure class=\"elementor-image-box-img\"><img decoding=\"async\" width=\"800\" height=\"531\" src=\"https:\/\/www.lerelaisdesdeuxvallees.fr\/wp-content\/uploads\/2019\/12\/Place_Castelnau-de-Montmiral-e1576056026580.jpg\" class=\"attachment-large size-large wp-image-351\" alt=\"\" srcset=\"https:\/\/www.lerelaisdesdeuxvallees.fr\/wp-content\/uploads\/2019\/12\/Place_Castelnau-de-Montmiral-e1576056026580.jpg 1024w, https:\/\/www.lerelaisdesdeuxvallees.fr\/wp-content\/uploads\/2019\/12\/Place_Castelnau-de-Montmiral-e1576056026580-300x199.jpg 300w, https:\/\/www.lerelaisdesdeuxvallees.fr\/wp-content\/uploads\/2019\/12\/Place_Castelnau-de-Montmiral-e1576056026580-768x510.jpg 768w\" sizes=\"(max-width: 800px) 100vw, 800px\" \/><\/figure><div class=\"elementor-image-box-content\"><h5 class=\"elementor-image-box-title\">Castelnau de Montmiral<\/h5><p class=\"elementor-image-box-description\">Medieval city on the road of the Bastides, the village is known for its \"Place aux Arcades\", its covered square, the Garrics Gate (remains of fortifications of the twelfth century).<\/p><\/div><\/div>\t\t\t\t<\/div>\n\t\t\t\t<\/div>\n\t\t\t\t\t<\/div>\n\t\t<\/div>\n\t\t\t\t<div class=\"elementor-column elementor-col-33 elementor-top-column elementor-element elementor-element-c145793\" data-id=\"c145793\" data-element_type=\"column\" data-e-type=\"column\">\n\t\t\t<div class=\"elementor-widget-wrap elementor-element-populated\">\n\t\t\t\t\t\t<div class=\"elementor-element elementor-element-e967bbe elementor-position-top elementor-widget elementor-widget-image-box\" data-id=\"e967bbe\" data-element_type=\"widget\" data-e-type=\"widget\" data-widget_type=\"image-box.default\">\n\t\t\t\t<div class=\"elementor-widget-container\">\n\t\t\t\t\t<div class=\"elementor-image-box-wrapper\"><figure class=\"elementor-image-box-img\"><img decoding=\"async\" width=\"730\" height=\"486\" src=\"https:\/\/www.lerelaisdesdeuxvallees.fr\/wp-content\/uploads\/2019\/12\/vaour_2548291.jpg\" class=\"attachment-large size-large wp-image-336\" alt=\"\" srcset=\"https:\/\/www.lerelaisdesdeuxvallees.fr\/wp-content\/uploads\/2019\/12\/vaour_2548291.jpg 730w, https:\/\/www.lerelaisdesdeuxvallees.fr\/wp-content\/uploads\/2019\/12\/vaour_2548291-300x200.jpg 300w\" sizes=\"(max-width: 730px) 100vw, 730px\" \/><\/figure><div class=\"elementor-image-box-content\"><h5 class=\"elementor-image-box-title\">Vaour<\/h5><p class=\"elementor-image-box-description translation-block\">At the border of Tarn and Aveyron, you will discover the fabulous vestige of the Templar Commandery, built in the 12th century and the Peyrolebado Dolmen: the largest in the department (4m x 2m). <br> Not to mention that Vaour remains the unmissable event of humor with its annual festival (early August).<\/p><\/div><\/div>\t\t\t\t<\/div>\n\t\t\t\t<\/div>\n\t\t\t\t<div class=\"elementor-element elementor-element-153f0c5 elementor-position-top elementor-widget elementor-widget-image-box\" data-id=\"153f0c5\" data-element_type=\"widget\" data-e-type=\"widget\" data-widget_type=\"image-box.default\">\n\t\t\t\t<div class=\"elementor-widget-container\">\n\t\t\t\t\t<div class=\"elementor-image-box-wrapper\"><figure class=\"elementor-image-box-img\"><img loading=\"lazy\" decoding=\"async\" width=\"599\" height=\"398\" src=\"https:\/\/www.lerelaisdesdeuxvallees.fr\/wp-content\/uploads\/2019\/12\/Gr\u00e9signe_sentier_de_la_baronne1-e1576055591441.jpg\" class=\"attachment-large size-large wp-image-338\" alt=\"\" srcset=\"https:\/\/www.lerelaisdesdeuxvallees.fr\/wp-content\/uploads\/2019\/12\/Gr\u00e9signe_sentier_de_la_baronne1-e1576055591441.jpg 599w, https:\/\/www.lerelaisdesdeuxvallees.fr\/wp-content\/uploads\/2019\/12\/Gr\u00e9signe_sentier_de_la_baronne1-e1576055591441-300x199.jpg 300w\" sizes=\"(max-width: 599px) 100vw, 599px\" \/><\/figure><div class=\"elementor-image-box-content\"><h5 class=\"elementor-image-box-title\">Gr\u00e9signe Forest<\/h5><p class=\"elementor-image-box-description\">The largest oak grove in the Midi (4000 hectares). Discover many trails including the \"Heritage\" from Puycelsi and you will appreciate the vegetation and wildlife of our beautiful department.<\/p><\/div><\/div>\t\t\t\t<\/div>\n\t\t\t\t<\/div>\n\t\t\t\t\t<\/div>\n\t\t<\/div>\n\t\t\t\t<div class=\"elementor-column elementor-col-33 elementor-top-column elementor-element elementor-element-e031e37\" data-id=\"e031e37\" data-element_type=\"column\" data-e-type=\"column\">\n\t\t\t<div class=\"elementor-widget-wrap elementor-element-populated\">\n\t\t\t\t\t\t<div class=\"elementor-element elementor-element-9daf444 elementor-position-top elementor-widget elementor-widget-image-box\" data-id=\"9daf444\" data-element_type=\"widget\" data-e-type=\"widget\" data-widget_type=\"image-box.default\">\n\t\t\t\t<div class=\"elementor-widget-container\">\n\t\t\t\t\t<div class=\"elementor-image-box-wrapper\"><figure class=\"elementor-image-box-img\"><img loading=\"lazy\" decoding=\"async\" width=\"800\" height=\"532\" src=\"https:\/\/www.lerelaisdesdeuxvallees.fr\/wp-content\/uploads\/2019\/12\/5941771005_ba096ab688_b1-e1576055485460.jpg\" class=\"attachment-large size-large wp-image-334\" alt=\"\" srcset=\"https:\/\/www.lerelaisdesdeuxvallees.fr\/wp-content\/uploads\/2019\/12\/5941771005_ba096ab688_b1-e1576055485460.jpg 887w, https:\/\/www.lerelaisdesdeuxvallees.fr\/wp-content\/uploads\/2019\/12\/5941771005_ba096ab688_b1-e1576055485460-300x200.jpg 300w, https:\/\/www.lerelaisdesdeuxvallees.fr\/wp-content\/uploads\/2019\/12\/5941771005_ba096ab688_b1-e1576055485460-768x511.jpg 768w\" sizes=\"(max-width: 800px) 100vw, 800px\" \/><\/figure><div class=\"elementor-image-box-content\"><h5 class=\"elementor-image-box-title\">Puycelsi<\/h5><p class=\"elementor-image-box-description\">Elected among \u00ab the most beautiful \u00bb villages in France with its ramparts, its 14th century church and gardens.<\/p><\/div><\/div>\t\t\t\t<\/div>\n\t\t\t\t<\/div>\n\t\t\t\t<div class=\"elementor-element elementor-element-8dacf95 elementor-position-top elementor-widget elementor-widget-image-box\" data-id=\"8dacf95\" data-element_type=\"widget\" data-e-type=\"widget\" data-widget_type=\"image-box.default\">\n\t\t\t\t<div class=\"elementor-widget-container\">\n\t\t\t\t\t<div class=\"elementor-image-box-wrapper\"><figure class=\"elementor-image-box-img\"><img loading=\"lazy\" decoding=\"async\" width=\"800\" height=\"600\" src=\"https:\/\/www.lerelaisdesdeuxvallees.fr\/wp-content\/uploads\/2019\/12\/205633996_f6e597a1b0_b1.jpg\" class=\"attachment-large size-large wp-image-341\" alt=\"\" srcset=\"https:\/\/www.lerelaisdesdeuxvallees.fr\/wp-content\/uploads\/2019\/12\/205633996_f6e597a1b0_b1.jpg 1024w, https:\/\/www.lerelaisdesdeuxvallees.fr\/wp-content\/uploads\/2019\/12\/205633996_f6e597a1b0_b1-300x225.jpg 300w, https:\/\/www.lerelaisdesdeuxvallees.fr\/wp-content\/uploads\/2019\/12\/205633996_f6e597a1b0_b1-768x576.jpg 768w\" sizes=\"(max-width: 800px) 100vw, 800px\" \/><\/figure><div class=\"elementor-image-box-content\"><h5 class=\"elementor-image-box-title\">The Gaillac Vineyards<\/h5><p class=\"elementor-image-box-description translation-block\">Fifty kilometers east of Toulouse, the Gaillac appellation spreads over 73 communes. <br> Famous for its white wines, Gaillac amazes today with its often award-winning red wines in major competitions.<br> This successful versatility is explained by the rich peculiarities of the vineyard.<\/p><\/div><\/div>\t\t\t\t<\/div>\n\t\t\t\t<\/div>\n\t\t\t\t\t<\/div>\n\t\t<\/div>\n\t\t\t\t\t<\/div>\n\t\t<\/section>\n\t\t\t\t<\/div>","protected":false},"excerpt":{"rendered":"<p>D\u00e9couvrir la r\u00e9gion Le Relais des Deux Vall\u00e9es est nich\u00e9 sur le sommet d&rsquo;une colline, au sein du village de Salvagnac. Un lieu propice au calme au coeur du Tarn. Bastides, vignobles, randonn\u00e9es&#8230; Venez d\u00e9couvrir la richesse de notre r\u00e9gion lors de votre s\u00e9jour chez nous. Cordes-sur-Ciel Bastide fortifi\u00e9e du XIII\u00e8me si\u00e8cle perch\u00e9e sur les [&hellip;]<\/p>\n","protected":false},"author":1,"featured_media":0,"parent":0,"menu_order":0,"comment_status":"closed","ping_status":"closed","template":"","meta":{"footnotes":""},"class_list":["post-203","page","type-page","status-publish","hentry"],"_links":{"self":[{"href":"https:\/\/www.lerelaisdesdeuxvallees.fr\/en\/wp-json\/wp\/v2\/pages\/203","targetHints":{"allow":["GET"]}}],"collection":[{"href":"https:\/\/www.lerelaisdesdeuxvallees.fr\/en\/wp-json\/wp\/v2\/pages"}],"about":[{"href":"https:\/\/www.lerelaisdesdeuxvallees.fr\/en\/wp-json\/wp\/v2\/types\/page"}],"author":[{"embeddable":true,"href":"https:\/\/www.lerelaisdesdeuxvallees.fr\/en\/wp-json\/wp\/v2\/users\/1"}],"replies":[{"embeddable":true,"href":"https:\/\/www.lerelaisdesdeuxvallees.fr\/en\/wp-json\/wp\/v2\/comments?post=203"}],"version-history":[{"count":29,"href":"https:\/\/www.lerelaisdesdeuxvallees.fr\/en\/wp-json\/wp\/v2\/pages\/203\/revisions"}],"predecessor-version":[{"id":4412,"href":"https:\/\/www.lerelaisdesdeuxvallees.fr\/en\/wp-json\/wp\/v2\/pages\/203\/revisions\/4412"}],"wp:attachment":[{"href":"https:\/\/www.lerelaisdesdeuxvallees.fr\/en\/wp-json\/wp\/v2\/media?parent=203"}],"curies":[{"name":"wp","href":"https:\/\/api.w.org\/{rel}","templated":true}]}}

<div data-elementor-type="wp-post" data-elementor-id="203" class="elementor elementor-203" data-elementor-post-type="page">
						<section class="elementor-section elementor-top-section elementor-element elementor-element-291a2e8 elementor-section-full_width elementor-section-height-default elementor-section-height-default" data-id="291a2e8" data-element_type="section" data-e-type="section" data-settings="{&quot;background_background&quot;:&quot;classic&quot;}">
						<div class="elementor-container elementor-column-gap-default">
					<div class="elementor-column elementor-col-100 elementor-top-column elementor-element elementor-element-ff7c29a" data-id="ff7c29a" data-element_type="column" data-e-type="column">
			<div class="elementor-widget-wrap elementor-element-populated">
						<div class="elementor-element elementor-element-a4f610e elementor-widget elementor-widget-heading" data-id="a4f610e" data-element_type="widget" data-e-type="widget" data-widget_type="heading.default">
				<div class="elementor-widget-container">
					<h1 class="elementor-heading-title elementor-size-default">Discover the Region</h1>				</div>
				</div>
					</div>
		</div>
					</div>
		</section>
				<section class="elementor-section elementor-top-section elementor-element elementor-element-fdad764 elementor-section-boxed elementor-section-height-default elementor-section-height-default" data-id="fdad764" data-element_type="section" data-e-type="section">
						<div class="elementor-container elementor-column-gap-default">
					<div class="elementor-column elementor-col-100 elementor-top-column elementor-element elementor-element-8b8f672" data-id="8b8f672" data-element_type="column" data-e-type="column">
			<div class="elementor-widget-wrap elementor-element-populated">
						<div class="elementor-element elementor-element-59059ea elementor-widget elementor-widget-text-editor" data-id="59059ea" data-element_type="widget" data-e-type="widget" data-widget_type="text-editor.default">
				<div class="elementor-widget-container">
									<p>Le Relais des Deux Vallées is nestled atop a hill in the village of Salvagnac, a place of tranquility in the heart of Tarn. Bastides, vineyards, hiking trails... Come and explore the richness of our region during your stay with us.</p>								</div>
				</div>
					</div>
		</div>
					</div>
		</section>
				<section class="elementor-section elementor-top-section elementor-element elementor-element-c06029c elementor-section-boxed elementor-section-height-default elementor-section-height-default" data-id="c06029c" data-element_type="section" data-e-type="section">
						<div class="elementor-container elementor-column-gap-default">
					<div class="elementor-column elementor-col-33 elementor-top-column elementor-element elementor-element-9e478e2" data-id="9e478e2" data-element_type="column" data-e-type="column">
			<div class="elementor-widget-wrap elementor-element-populated">
						<div class="elementor-element elementor-element-9d9d5e9 elementor-position-top elementor-widget elementor-widget-image-box" data-id="9d9d5e9" data-element_type="widget" data-e-type="widget" data-widget_type="image-box.default">
				<div class="elementor-widget-container">
					<div class="elementor-image-box-wrapper"><figure class="elementor-image-box-img"><img fetchpriority="high" decoding="async" width="800" height="532" src="https://www.lerelaisdesdeuxvallees.fr/wp-content/uploads/2019/12/Cordes_sur_ciel_vue_du_Grain_de_Sel1-e1576055439628-1024x681.jpg" class="attachment-large size-large wp-image-333" alt="" srcset="https://www.lerelaisdesdeuxvallees.fr/wp-content/uploads/2019/12/Cordes_sur_ciel_vue_du_Grain_de_Sel1-e1576055439628-1024x681.jpg 1024w, https://www.lerelaisdesdeuxvallees.fr/wp-content/uploads/2019/12/Cordes_sur_ciel_vue_du_Grain_de_Sel1-e1576055439628-300x199.jpg 300w, https://www.lerelaisdesdeuxvallees.fr/wp-content/uploads/2019/12/Cordes_sur_ciel_vue_du_Grain_de_Sel1-e1576055439628-768x511.jpg 768w, https://www.lerelaisdesdeuxvallees.fr/wp-content/uploads/2019/12/Cordes_sur_ciel_vue_du_Grain_de_Sel1-e1576055439628.jpg 1280w" sizes="(max-width: 800px) 100vw, 800px" /></figure><div class="elementor-image-box-content"><h5 class="elementor-image-box-title">Cordes-sur-Ciel</h5><p class="elementor-image-box-description">13th century fortified bastide perched on the heights, the most visited tourist heritage in Tarn.</p></div></div>				</div>
				</div>
				<div class="elementor-element elementor-element-93f027b elementor-position-top elementor-widget elementor-widget-image-box" data-id="93f027b" data-element_type="widget" data-e-type="widget" data-widget_type="image-box.default">
				<div class="elementor-widget-container">
					<div class="elementor-image-box-wrapper"><figure class="elementor-image-box-img"><img decoding="async" width="800" height="531" src="https://www.lerelaisdesdeuxvallees.fr/wp-content/uploads/2019/12/Place_Castelnau-de-Montmiral-e1576056026580.jpg" class="attachment-large size-large wp-image-351" alt="" srcset="https://www.lerelaisdesdeuxvallees.fr/wp-content/uploads/2019/12/Place_Castelnau-de-Montmiral-e1576056026580.jpg 1024w, https://www.lerelaisdesdeuxvallees.fr/wp-content/uploads/2019/12/Place_Castelnau-de-Montmiral-e1576056026580-300x199.jpg 300w, https://www.lerelaisdesdeuxvallees.fr/wp-content/uploads/2019/12/Place_Castelnau-de-Montmiral-e1576056026580-768x510.jpg 768w" sizes="(max-width: 800px) 100vw, 800px" /></figure><div class="elementor-image-box-content"><h5 class="elementor-image-box-title">Castelnau de Montmiral</h5><p class="elementor-image-box-description">Medieval city on the road of the Bastides, the village is known for its "Place aux Arcades", its covered square, the Garrics Gate (remains of fortifications of the twelfth century).</p></div></div>				</div>
				</div>
					</div>
		</div>
				<div class="elementor-column elementor-col-33 elementor-top-column elementor-element elementor-element-c145793" data-id="c145793" data-element_type="column" data-e-type="column">
			<div class="elementor-widget-wrap elementor-element-populated">
						<div class="elementor-element elementor-element-e967bbe elementor-position-top elementor-widget elementor-widget-image-box" data-id="e967bbe" data-element_type="widget" data-e-type="widget" data-widget_type="image-box.default">
				<div class="elementor-widget-container">
					<div class="elementor-image-box-wrapper"><figure class="elementor-image-box-img"><img decoding="async" width="730" height="486" src="https://www.lerelaisdesdeuxvallees.fr/wp-content/uploads/2019/12/vaour_2548291.jpg" class="attachment-large size-large wp-image-336" alt="" srcset="https://www.lerelaisdesdeuxvallees.fr/wp-content/uploads/2019/12/vaour_2548291.jpg 730w, https://www.lerelaisdesdeuxvallees.fr/wp-content/uploads/2019/12/vaour_2548291-300x200.jpg 300w" sizes="(max-width: 730px) 100vw, 730px" /></figure><div class="elementor-image-box-content"><h5 class="elementor-image-box-title">Vaour</h5><p class="elementor-image-box-description translation-block">At the border of Tarn and Aveyron, you will discover the fabulous vestige of the Templar Commandery, built in the 12th century and the Peyrolebado Dolmen: the largest in the department (4m x 2m). <br> Not to mention that Vaour remains the unmissable event of humor with its annual festival (early August).</p></div></div>				</div>
				</div>
				<div class="elementor-element elementor-element-153f0c5 elementor-position-top elementor-widget elementor-widget-image-box" data-id="153f0c5" data-element_type="widget" data-e-type="widget" data-widget_type="image-box.default">
				<div class="elementor-widget-container">
					<div class="elementor-image-box-wrapper"><figure class="elementor-image-box-img"><img loading="lazy" decoding="async" width="599" height="398" src="https://www.lerelaisdesdeuxvallees.fr/wp-content/uploads/2019/12/Grésigne_sentier_de_la_baronne1-e1576055591441.jpg" class="attachment-large size-large wp-image-338" alt="" srcset="https://www.lerelaisdesdeuxvallees.fr/wp-content/uploads/2019/12/Grésigne_sentier_de_la_baronne1-e1576055591441.jpg 599w, https://www.lerelaisdesdeuxvallees.fr/wp-content/uploads/2019/12/Grésigne_sentier_de_la_baronne1-e1576055591441-300x199.jpg 300w" sizes="(max-width: 599px) 100vw, 599px" /></figure><div class="elementor-image-box-content"><h5 class="elementor-image-box-title">Grésigne Forest</h5><p class="elementor-image-box-description">The largest oak grove in the Midi (4000 hectares). Discover many trails including the "Heritage" from Puycelsi and you will appreciate the vegetation and wildlife of our beautiful department.</p></div></div>				</div>
				</div>
					</div>
		</div>
				<div class="elementor-column elementor-col-33 elementor-top-column elementor-element elementor-element-e031e37" data-id="e031e37" data-element_type="column" data-e-type="column">
			<div class="elementor-widget-wrap elementor-element-populated">
						<div class="elementor-element elementor-element-9daf444 elementor-position-top elementor-widget elementor-widget-image-box" data-id="9daf444" data-element_type="widget" data-e-type="widget" data-widget_type="image-box.default">
				<div class="elementor-widget-container">
					<div class="elementor-image-box-wrapper"><figure class="elementor-image-box-img"><img loading="lazy" decoding="async" width="800" height="532" src="https://www.lerelaisdesdeuxvallees.fr/wp-content/uploads/2019/12/5941771005_ba096ab688_b1-e1576055485460.jpg" class="attachment-large size-large wp-image-334" alt="" srcset="https://www.lerelaisdesdeuxvallees.fr/wp-content/uploads/2019/12/5941771005_ba096ab688_b1-e1576055485460.jpg 887w, https://www.lerelaisdesdeuxvallees.fr/wp-content/uploads/2019/12/5941771005_ba096ab688_b1-e1576055485460-300x200.jpg 300w, https://www.lerelaisdesdeuxvallees.fr/wp-content/uploads/2019/12/5941771005_ba096ab688_b1-e1576055485460-768x511.jpg 768w" sizes="(max-width: 800px) 100vw, 800px" /></figure><div class="elementor-image-box-content"><h5 class="elementor-image-box-title">Puycelsi</h5><p class="elementor-image-box-description">Elected among « the most beautiful » villages in France with its ramparts, its 14th century church and gardens.</p></div></div>				</div>
				</div>
				<div class="elementor-element elementor-element-8dacf95 elementor-position-top elementor-widget elementor-widget-image-box" data-id="8dacf95" data-element_type="widget" data-e-type="widget" data-widget_type="image-box.default">
				<div class="elementor-widget-container">
					<div class="elementor-image-box-wrapper"><figure class="elementor-image-box-img"><img loading="lazy" decoding="async" width="800" height="600" src="https://www.lerelaisdesdeuxvallees.fr/wp-content/uploads/2019/12/205633996_f6e597a1b0_b1.jpg" class="attachment-large size-large wp-image-341" alt="" srcset="https://www.lerelaisdesdeuxvallees.fr/wp-content/uploads/2019/12/205633996_f6e597a1b0_b1.jpg 1024w, https://www.lerelaisdesdeuxvallees.fr/wp-content/uploads/2019/12/205633996_f6e597a1b0_b1-300x225.jpg 300w, https://www.lerelaisdesdeuxvallees.fr/wp-content/uploads/2019/12/205633996_f6e597a1b0_b1-768x576.jpg 768w" sizes="(max-width: 800px) 100vw, 800px" /></figure><div class="elementor-image-box-content"><h5 class="elementor-image-box-title">The Gaillac Vineyards</h5><p class="elementor-image-box-description translation-block">Fifty kilometers east of Toulouse, the Gaillac appellation spreads over 73 communes. <br> Famous for its white wines, Gaillac amazes today with its often award-winning red wines in major competitions.<br> This successful versatility is explained by the rich peculiarities of the vineyard.</p></div></div>				</div>
				</div>
					</div>
		</div>
					</div>
		</section>
				</div>

<p>Découvrir la région Le Relais des Deux Vallées est niché sur le sommet d&rsquo;une colline, au sein du village de Salvagnac. Un lieu propice au calme au coeur du Tarn. Bastides, vignobles, randonnées&#8230; Venez découvrir la richesse de notre région lors de votre séjour chez nous. Cordes-sur-Ciel Bastide fortifiée du XIIIème siècle perchée sur les [&hellip;]</p>
